te y(-14).
303
Let o(c) = c**2 + 7*c + 3. What is o(-4)?
-9
Let i(l) = -54*l - 7015. Determine i(-130).
5
Let v(c) = 5*c**3 + 2*c**2 + 31*c - 33. Give v(1).
5
Let l(n) = -n**3 - 16*n**2 - 70*n + 73. Give l(-12).
337
Let a(o) = -4*o - 42. Give a(-7).
-14
Let a(o) = -3*o**2 - 13*o - 97. Determine a(0).
-97
Let p(j) = j**3 + 8*j**2 + 15*j - 2. Determine p(-4).
2
Let p(y) = -4*y**3 + 9*y**2 + 54*y - 4. What is p(0)?
-4
Let d(w) = 1748*w + 3498. Calculate d(-2).
2
Let s(j) = -2*j**3 + 32*j**2 - 11*j + 189. Give s(16).
13
Let k(u) = u**3 - 15*u**2 - 13*u + 16. Determine k(16).
64
Let d(o) = o**3 + 10*o**2 - 2*o + 151. Determine d(0).
151
Let p(z) = z**3 + 19*z**2 + 7*z + 257. Give p(-19).
124
Let v(h) = -8*h**2 + 45*h - 33. Calculate v(8).
-185
Let m(u) = -62*u + 180. What is m(3)?
-6
Let k(z) = 35*z**2 + 143*z + 4. What is k(-5)?
164
Let j(n) = -n**3 + 30*n**2 + 216*n + 32. Determine j(36).
32
Let d(y) = -4*y**2 + 5*y + 2. What is d(-6)?
-172
Let d(w) = 58*w - 294. Give d(0).
-294
Let w(g) = -g**3 + 8*g**2 + 144*g - 91. Give w(-9).
-10
Let n(c) = c**2 - 56*c + 13. Give n(56).
13
Let b(p) = 28*p + 1309. Give b(-47).
-7
Let z(j) = j**2 - j - 8. Calculate z(3).
-2
Let y(s) = -282*s - 14102. Give y(-50).
-2
Let f(c) = 3*c**3 - 21*c**2 - c + 17. What is f(7)?
10
Let p(a) = -a**2 - 90*a + 1000. Calculate p(10).
0
Let c(t) = 36*t**2 - 2*t + 4. Give c(-2).
152
Let r(t) = 162*t - 691. Determine r(4).
-43
Let s(c) = 33*c - 247. Calculate s(2).
-181
Let r(l) = 6*l**2 + 46*l + 44. What is r(-1)?
4
Let z(i) = i**2 + 25*i + 39. Calculate z(-17).
-97
Let v(g) = -g**2 - 940*g - 3740. Calculate v(-4).
4
Let o(a) = -17*a - 704. Calculate o(-50).
146
Let q(h) = -3*h**2 - 70*h - 783. Calculate q(-14).
-391
Let f(m) = -33*m + 38. Calculate f(4).
-94
Let h(u) = -u**2 + 182*u - 3753. Give h(23).
-96
Let g(z) = 27308*z + 191152. Give g(-7).
-4
Let t(d) = -176*d**2 + 701*d + 9. Determine t(4).
-3
Let u(r) = -5*r**2 - 114*r - 287. Give u(-18).
145
Let n(u) = -555*u + 15543. Give n(28).
3
Let f(a) = 4*a**3 + 72*a**2 + 2*a + 20. Give f(-18).
-16
Let m(a) = -a**3 - 28*a**2 - 70*a + 1783. What is m(-20)?
-17
Let c(i) = -i**3 - 7*i**2 + 30*i + 5. Give c(3).
5
Let f(k) = 3*k + 6. Calculate f(0).
6
Let z(h) = -8*h**3 - 6*h**2 + 2. Give z(-3).
164
Let p(x) = 3*x**2 + 14*x - 11. Calculate p(-6).
13
Let y(f) = -3*f**3 + 4*f**2 - 4*f - 21. Calculate y(-3).
108
Let o(n) = n**3 - 7*n**2 - 5*n - 41. Give o(7).
-76
Let n(q) = -23*q + 56. Give n(11).
-197
Let v(h) = -487*h + 3899. Determine v(8).
3
Let f(k) = -k**2 + 2*k + 125. What is f(14)?
-43
Let t(y) = -2*y**3 + 13*y**2 - 13*y + 36. Calculate t(6).
-6
Let s(o) = -78*o + 577. Give s(8).
-47
Let h(n) = -n**3 + 29*n**2 - 42*n - 402. What is h(27)?
-78
Let j(m) = -158*m - 1417. Determine j(-9).
5
Let y(x) = -411*x + 2074. Calculate y(5).
19
Let j(b) = -4*b**2 + 132*b - 397. Determine j(3).
-37
Let x(d) = -d**3 - 24*d + 17. Give x(7).
-494
Let g(a) = -a**2 + 61*a - 685. Give g(14).
-27
Let z(d) = d**2 - 22*d - 141. Give z(27).
-6
Let g(b) = 28*b + 1112. Give g(-39).
20
Let u(x) = -x**2 + 280*x - 2371. Calculate u(9).
68
Let k(q) = -232*q**3 - 3*q + 1. Calculate k(1).
-234
Let n(r) = r**3 - 31*r**2 - 60*r - 111. Determine n(33).
87
Let l(w) = w**3 - 7*w**2 + 20*w - 13. What is l(4)?
19
Let g(j) = -15*j**2 + 3*j - 73. Calculate g(0).
-73
Let p(w) = 3611*w + 50560. Calculate p(-14).
6
Let y(p) = p**3 - 13*p**2 + 50*p - 13. Determine y(7).
43
Let a(y) = -2*y**3 + 4*y**2 + 12*y + 15. What is a(-4)?
159
Let c(j) = 209*j - 18391. Give c(88).
1
Let w(t) = 2*t**2 - 72*t + 23. What is w(31)?
-287
Let d(q) = q**3 + 2*q**2 - 4. Determine d(-1).
-3
Let n(j) = -15*j**2 - 222*j - 64. What is n(-15)?
-109
Let q(s) = 95*s - 1043. Determine q(4).
-663
Let s(o) = 3*o**3 - 9*o**2 - 8*o + 39. Calculate s(3).
15
Let n(m) = -718*m - 2246. What is n(-3)?
-92
Let u(n) = 85*n**2 - 1366*n + 61. What is u(16)?
-35
Let h(c) = 28*c**2 + 5*c - 4. What is h(-2)?
98
Let r(z) = -22*z + 836. What is r(37)?
22
Let j(b) = -71*b - 2471. Determine j(-35).
14
Let k(o) = o**2 + 8*o - 81. Give k(-13).
-16
Let n(x) = 3*x**2 - 119*x + 177. Determine n(37).
-119
Let w(j) = -9*j**2 + 29*j + 9. Determine w(3).
15
Let t(p) = -p**2 - 369*p + 12399. Give t(31).
-1
Let a(h) = h**3 - 15*h**2 + 12*h + 113. Determine a(14).
85
Let h(y) = 11*y**2 - 1254*y + 3. Determine h(114).
3
Let y(r) = -9*r**2 + 1516*r - 2172. Determine y(167).
-1
Let a(l) = 3*l**3 + 33*l**2 - 7*l - 9. Determine a(-10).
361
Let g(f) = -48*f**3 + f**2 + 10*f + 9. Give g(-1).
48
Let t(g) = g**2 - 28*g + 120. Give t(8).
-40
Let r(y) = 3*y**2 + 44*y + 323. Determine r(-15).
338
Let l(u) = -8*u**2 - 70*u - 235. What is l(-4)?
-83
Let t(a) = 1394*a + 103162. Give t(-74).
6
Let l(v) = 40*v**2 - 818*v + 297. Determine l(20).
-63
Let r(s) = -5*s**3 - 2*s**2 + 22*s - 27. What is r(2)?
-31
Let q(n) = n**3 + 109*n**2 + 117*n + 915. Give q(-108).
-57
Let m(u) = 10*u**3 + 170*u**2 + 4*u + 23. Calculate m(-17).
-45
Let i(l) = 301*l + 1644. Calculate i(-6).
-162
Let x(a) = a**2 - 216*a - 8529. Calculate x(-34).
-29
Let j(a) = 4*a**3 - 19*a**2 - 9*a + 25. Give j(6).
151
Let j(a) = -26*a + 144. What is j(8)?
-64
Let a(l) = -l**3 + 2*l**2 + 10*l - 1. Determine a(-4).
55
Let d(k) = k**3 - 18*k**2 - 2*k + 4. What is d(18)?
-32
Let l(w) = -w**3 + 29*w**2 + 42*w - 112. Calculate l(30).
248
Let u(f) = f**3 - 26*f**2 + 23*f + 3. Calculate u(25).
-47
Let l(q) = q**3 - 8*q**2 + 7*q - 32. Calculate l(10).
238
Let s(w) = -5*w**2 + 147*w + 62. Determine s(28).
258
Let x(u) = -45*u**3 + u**2. Give x(-1).
46
Let m(y) = -2*y**2 + 7*y + 31. What is m(6)?
1
Let p(i) = 574*i**2 - 89*i - 90. What is p(-1)?
573
Let d(j) = 50*j - 272. Give d(7).
78
Let x(g) = g**2 - 68*g - 477. Give x(-6).
-33
Let i(u) = 570*u - 23932. Calculate i(42).
8
Let x(d) = 185*d - 7392. What is x(40)?
8
Let c(y) = -10*y**2 + 762*y - 144. Calculate c(76).
8
Let u(s) = s**3 - 18*s**2 - 34*s + 16. What is u(-2)?
4
Let k(f) = -3*f**2 + 17*f + 7. Determine k(8).
-49
Let s(b) = -b**2 - 65*b - 422. What is s(-7)?
-16
Let g(k) = k**3 + 7*k**2 - 21*k - 81. Give g(-8).
23
Let n(x) = x**3 - 14*x**2 - 49*x + 874. Calculate n(10).
-16
Let p(j) = -j**2 - 40*j + 5. Give p(-39).
44
Let b(a) = 11*a + 72. Give b(-9).
-27
Let k(g) = -2*g**2 - 52*g + 104. Calculate k(-27).
50
Let d(n) = 46*n - 282. Determine d(6).
-6
Let u(w) = 81*w**2 - 567*w - 1131. Give u(-2).
327
Let v(g) = -136*g - 1564. Calculate v(-10).
-204
Let m(v) = v**2 - 6*v + 42. Calculate m(10).
82
Let s(u) = -5*u**2 + 184*u + 722. Give s(-4).
-94
Let s(q) = -1935*q - 15504. Give s(-8).
-24
Let r(y) = 23*y - 3. What is r(-12)?
-279
Let m(u) = -2*u**2 - 17*u - 68. What is m(6)?
-242
Let u(v) = v**2 - 53*v + 658. Give u(31).
-24
Let o(z) = -67*z + 3928. What is o(59)?
-25
Let r(o) = 4*o + 144. What is r(-26)?
40
Let n(m) = -m**3 + 22*m**2 + 137*m + 91. What is n(27)?
145
Let r(h) = 96*h + 5484. Calculate r(-57).
12
Let h(u) = -u**3 - 15*u**2 - 23*u - 90. Calculate h(-14).
36
Let t(g) = g**3 - 12*g**2 + 8*g + 190. Determine t(7).
1
Let z(f) = -440*f - 3966. Determine z(-9).
-6
Let q(h) = -245*h - 1970. Determine q(-8).
-10
Let o(w) = 437*w - 3943. Give o(9).
-10
Let l(z) = -2*z**2 + 209*z + 1671. Give l(112).
-9
Let j(b) = b**3 - 3*b**2 + 2*b + 14. What is j(4)?
38
Let u(x) = x**3 + 14*x**2 + 20*x - 7. What is u(-4)?
73
Let q(u) = 2*u**3 + 45*u**2 - 302*u + 172. Give q(-28).
4
Let a(w) = 6915*w - 13828. Calculate a(2).
2
Let o(n) = -n**3 + 194*n**2 + 388*n + 796. Determine o(196).
12
Let b(g) = g**3 - 27*g**2 - 195*g + 5265. Determine b(27).
0
Let n(k) = -k**2 + 2160*k - 6468. Determine n(3).
3
Let c(p) = -11*p**3 + 25*p - 46. Determine c(2).
-84
Let h(k) = -k**2 + 323*k - 1283. Determine h(4).
-7
Let z(h) = 14*h - 85. What is z(3)?
-43
Let l(x) = 515*x**3 - 2*x**2 + 9*x - 7. Determine l(1).
515
Let b(g) = 2*g - 98. What is b(38)?
-22
Let u(r) = -r**3 + 89*r**2 - 423*r + 242. What is u(84)?
-10
Let k(q) = 14*q**3 + 58*q**2 + 6*q + 12. Calculate k(-4).
20
Let v(t) = -6*t**2 + 34*t + 84. Give v(8).
-28
Let t(v) = v**3 + 25*v**2 + 70*v + 77. Give t(-21).
371
Let c(t) = -18*t + 259. Give c(6).
151
Let u(m) = 397*m + 351. Determine u(-1).
-46
Let u(s) = -s**3 - 13*s**2 + 35*s + 66. Give u(-16).
274
Let f(b) = -b**2 + 18*b + 175. Calculate f(18